3*r = 3*s + 2330 + 17470. List the prime factors of r.
7, 23, 41
Let v(s) = -2738*s + 94. List the prime factors of v(-1).
2, 3, 59
Let n(x) be the first derivative of -x**4/4 + 10*x**3/3 + 10*x**2 + 6*x - 2. List the prime factors of n(-5).
281
Suppose -293*j = -299*j + 12. Let c(q) = 156*q + 34. What are the prime factors of c(j)?
2, 173
What are the prime factors of (-168645)/(-7) + 10*68/(-595)?
24091
Suppose 191*a = 190*a + 2. Suppose -2*d + 135*h + 2582 = 132*h, -2562 = -a*d - 2*h. What are the prime factors of d?
5, 257
Let t = -508 - -150. Let p = 66 + t. Let l = p + 460. What are the prime factors of l?
2, 3, 7
Let d(z) = 59*z**2 + 21*z + 42. Let o be d(-2). Let s(i) = -2*i**3 - 4*i**2 - 2*i + 1. Let g be s(-4). Let h = o - g. What are the prime factors of h?
163
Let z = -1009 + 5677. What are the prime factors of z?
2, 3, 389
Let n(v) = -256*v - 2923. List the prime factors of n(-53).
5, 2129
Suppose -57*w - 57*w + 5946354 = -0*w. What are the prime factors of w?
3, 17387
Suppose 0*a - 45900 = -9*a. Suppose 10*t = 16*t - a. List the prime factors of t.
2, 5, 17
Suppose 2*u = -3*o + 58, -u + 2*o + 10 = -5. Let w(v) = -v**3 + v**2 + 5*v + 3. Let n be w(-3). Suppose u*b + 146 = n*b. List the prime factors of b.
2, 73
Let h(a) = -2*a**3 - 7*a**2 - 10*a - 7. Suppose 0 = -9*y + 8*y - 5. What are the prime factors of h(y)?
2, 59
Let m be ((-4)/(-8))/(2/12). Let z be m/(18/(-21))*(-10 + -4). What are the prime factors of (-28)/z - 1226/(-14)?
3, 29
Let g = -51 + 989. Suppose 0 = 3*n + 5*j - j + g, -2*j - 1568 = 5*n. Let r = n + 440. List the prime factors of r.
2, 3, 7
Suppose -4*h + 8*g = 13*g - 65702, -3*h + 5*g = -49294. What are the prime factors of h?
2, 3, 37
Suppose 19 = 4*h - 3*b, h - 3*b + 1 = 8. Suppose -h*p - p = 130. Let t = p + 130. List the prime factors of t.
2, 13
Let t = -11156 + 22732. What are the prime factors of t?
2, 1447
Suppose 240*t = 276*t - 813312. List the prime factors of t.
2, 353
Let v(x) = 8*x - 142 + 2*x**3 + 150 - 5*x**3. What are the prime factors of v(-7)?
3, 109
Suppose -37*h + 170 - 22 = 0. List the prime factors of ((-2)/h)/(-3*8/30192).
17, 37
Let k be 4/((-32)/(-446)) - (-9)/(-12). Let v = 407 - k. What are the prime factors of v?
2, 11
Let g = 201 + -25. Suppose -g*f = -177*f + 328. List the prime factors of f.
2, 41
Let d(x) = x**3 - 4*x**2 - 13*x + 17. Let c be d(5). Let r = 19 + c. Let f(q) = -q**3 - 2*q**2 - 3*q - 5. What are the prime factors of f(r)?
3, 13
Let f = 231 + -226. Suppose -f*l - 41 = -2281. List the prime factors of l.
2, 7
Let q(m) = 40*m**2 + 14*m - 3 - 120*m**2 + 40*m**2 + 44*m**2. List the prime factors of q(-20).
3, 439
Suppose -u + 5*k + 5 = -3*u, -3*u - 3*k + 6 = 0. Suppose -5*i - u*j + 945 = 0, 0*i + 2*i + 3*j = 373. What are the prime factors of i?
2, 97
Suppose 2*u = 0, 15 = -0*j + 3*j - 3*u. Suppose -3*v + j + 7 = 0. Suppose -4*z - 5*b + 6 = -584, 0 = 5*z + v*b - 733. List the prime factors of z.
5, 29
Suppose -254*p + 240*p + 325136 = 0. What are the prime factors of p?
2, 2903
List the prime factors of 8/12*(-1782135)/(-86).
3, 5, 307
Suppose -3*x + 715 = 2*i, -7*i = -4*i - 3*x - 1065. Let j = i - -250. Let w = -347 + j. What are the prime factors of w?
7, 37
Suppose 35 = h - b - 63, 2*h - 187 = -b. Suppose -5*d + 6115 = 5*u, 99*u - h*u = 5*d - 6133. List the prime factors of d.
5, 7
Let u = 61 + -54. Suppose -2*o - 525 = -u*o. Let x = o - -5. List the prime factors of x.
2, 5, 11
Suppose -114 = -6*z + 348. Let s = -40 + z. Suppose -3*x - s + 274 = 0. What are the prime factors of x?
79
Let x be 5 + 1 - (-5 + 8/2). Suppose -5*d - 6 = -x*d. Suppose -d*g + 6*g + 5*m - 18 = 0, 5*g + m = 30. List the prime factors of g.
2, 3
Suppose 3 = 3*k, 3*z - k - 17983 = 47509. What are the prime factors of z?
3, 19, 383
Suppose -2*n + n - 5 = 0, 0 = -4*v + 3*n + 519. What are the prime factors of (-201*1 - 1)/((-63)/v)?
2, 101
Let k = 24 - 21. Suppose 3*x - 2*x = -k. List the prime factors of (-18 - 2)/(0 - (-2)/x).
2, 3, 5
Suppose -17*h + 18*h - 53029 = -4*g, -4*g + 53034 = 2*h. List the prime factors of g.
2, 1657
Suppose 89157 = 5*s + 2*p, 10*s - 228388 = p - 50079. List the prime factors of s.
11, 1621
Let b = 63 + 48. Let m = b + 215. List the prime factors of m.
2, 163
Suppose 326*h - 446262 - 1884890 - 9916342 = 0. What are the prime factors of h?
3, 7, 1789
List the prime factors of ((-171724)/(-6) - 40/(-120)) + -4.
3, 9539
Let m(x) = 5*x**2 + x + 52. List the prime factors of m(-40).
2, 2003
Let t be (-364)/(-168) - 1/6. Let s(g) be the second derivative of 23*g**3/3 - 2*g**2 + 2*g. List the prime factors of s(t).
2, 11
Let r(j) = 692*j - 76. Let p be (-160)/(-72) - (-8)/(-36). What are the prime factors of r(p)?
2, 3, 109
Let t(j) = -17*j - 12. Let z be t(-41). Let o = 107 + z. What are the prime factors of o?
2, 3, 11
Let w(y) = -1478*y + 306. What are the prime factors of w(-4)?
2, 3109
Suppose -23*o + 59100 = -21*o + 2*x, 4*x = 16. List the prime factors of o.
2, 11, 17, 79
Let d(w) = 5*w**3 + 158*w**2 + 30*w + 177. What are the prime factors of d(-18)?
3, 31, 233
Suppose -5*h = -8*h. Suppose -728 = -h*w - 2*w. What are the prime factors of w?
2, 7, 13
What are the prime factors of (-1 - 0)*(-131 - 14830)?
3, 4987
Let t be 0/(5/(-15)*-6). Suppose 2*r - 2 = t, -2*j + 9 = 4*r + r. Suppose 82 - 458 = -j*c. List the prime factors of c.
2, 47
Let b be ((-18)/5 - -4)*5. What are the prime factors of (2 - (64 - b))/((-8)/76)?
2, 3, 5, 19
Suppose -3*i - 3*m + 1209 = 0, -265 - 150 = -i + 3*m. Let r = i - -111. What are the prime factors of r?
11, 47
Let b be 28/49 - (-45)/7. Suppose 5*p = -0*s + 5*s - 5, -s + b = p. Suppose s*t + t - 3*m = 59, 0 = m - 2. List the prime factors of t.
13
Suppose -129*p + 64224 = -71*p - 34*p. What are the prime factors of p?
2, 3, 223
Suppose 6810 = 170*o - 155*o. Suppose -2*m + o + 174 = 0. What are the prime factors of m?
2, 157
Let g = -627 + 631. Suppose i - 2 = 0, 19*i + 5606 = g*k + 18*i. List the prime factors of k.
2, 701
What are the prime factors of 48079/2 + (-510)/(-60) + -11?
13, 43
Suppose -10*y + 6*y = -928. Let n = y - -57. What are the prime factors of n?
17
Let u(g) = g - 1. Let p(c) = c**2 - 5*c - 10. Let h(s) = p(s) + 3*u(s). Let m be h(12). Let w = 39 + m. What are the prime factors of w?
2, 73
Suppose 41*c - 50*c + 207 = 0. Suppose -287 - 3439 = -c*x. What are the prime factors of x?
2, 3
Let h = -84 + 507. Let p = h + -241. List the prime factors of p.
2, 7, 13
Let q = 573 + -568. Suppose -16*l = n - 15*l - 390, 398 = n + q*l. What are the prime factors of n?
2, 97
Suppose -1318 + 18907 = -11*o. Let c = -1068 - o. List the prime factors of c.
3, 59
Let c = 53915 + -28534. What are the prime factors of c?
17, 1493
List the prime factors of 1*2/5 - (-162354)/(-45)*-3.
2, 3, 11, 41
Suppose -2*o = 234*n - 230*n - 426, 2*o + 2*n - 420 = 0. What are the prime factors of o?
3, 23
Suppose -4*n = 4*p + 16, 5*p = -3*n - 13 - 3. Let g be (4/(-8))/(n/40). Suppose 0 = -g*o + 989 + 1461. What are the prime factors of o?
5, 7
Let m(f) be the second derivative of -f**5/120 + 35*f**4/8 + 13*f**3/6 - 20*f. Let o(g) be the second derivative of m(g). List the prime factors of o(0).
3, 5, 7
Suppose -15*r = -76016 - 41824. List the prime factors of r.
2, 491
Suppose -4*o + 2*x = -60, 6 + 8 = 2*o + 3*x. Suppose 5*c - 5 = -5*m, 2*m - o - 13 = 4*c. List the prime factors of -11*(-2)/(-10)*-2*m.
2, 11
Suppose 3*q - 4566 - 495 + 726 = 0. List the prime factors of q.
5, 17
Suppose 0 = -4*r - 5*m + 28693, 10288 = 3*r - 3*m - 11225. List the prime factors of r.
2, 11, 163
Suppose -3*h - 1266 = -5*h. Suppose 21 - h = 9*y. Let i = -24 - y. List the prime factors of i.
2, 11
Suppose -4*d + 125 = 5*u, -2*d - 5*u - 55 = -4*d. Let t = 111 + -54. Suppose 0 = x - d - t. List the prime factors of x.
3, 29
Let h = 17291 - 9689. List the prime factors of h.
2, 3, 7, 181
Suppose 5 = 8*t - 3*t. Let j be ((2/t)/2)/(2/6). Suppose u = j*g + 2*u - 109, 121 = 3*g + 4*u. List the prime factors of g.
5, 7
Let v = 2639 + -1044. What are the prime factors of v?
5, 11, 29
Let v(m) = 6*m**2 + 10*m - 34. Let o = 135 + -130. What are the prime factors of v(o)?
2, 83
What are the prime factors of (50/4)/(7 + 3543/(-1182) + -4)?
5, 197
Let v be 10/15*-24*1. Let l be (v/4)/(2/4)